)?
-3
Evaluate (2 - 3) + -2 - (-277 - -280).
-6
Calculate (26 - 14 - (-1 - 2)) + -4.
11
What is the value of (11 - (1 - -12) - -5) + -13?
-10
Evaluate 7 + -13 + -6 + (-13 - -15).
-10
Calculate -1 + -4 + 9 + -10 - (-1 - 1).
-4
What is -6 + (8 - (3 + 0)) - -5 - -4?
8
What is the value of (-6 - ((0 - 8) + -1)) + -16 + 16?
3
Calculate 37 + (30 - (114 + -38)).
-9
What is the value of 8 + (-2 - -14 - 11)?
9
9 + (3 - 4 - 10) + (13 - 4)
7
-15 + (26 + -27 - (18 - 1))
-33
Calculate -12 - -13 - (-15 - -24).
-8
Evaluate -28 + (8 - (10 - 6)).
-24
Calculate -19 - (-7 - -16) - -26.
-2
Evaluate -1 + -5 + 0 - (-97 + 44 + 22).
25
What is the value of -5 + (2 - -6 - 4) - (5 + 1)?
-7
(-2 - (6 - 5)) + -1 + (-5 - -8)
-1
What is 36 - (9 + (-12 - -8) + -15 - -14)?
32
Evaluate 3 - ((-18 - -9) + 11 + -5).
6
Calculate 7 - ((-7 - -1 - 1) + -5 + -1).
20
Calculate -1 + 0 - (19 - (35 + -7)).
8
What is 21 - (31 + 6 + -34)?
18
(-12 - -1) + -1 + -1 + (98 - 89)
-4
What is the value of -31 - (0 + -31 + 18)?
-18
What is 1 + (-4 - -3) + (15 + -3 - 1)?
11
Evaluate -7 + (3 - (-1 + (10 - 4))).
-9
-375 - -360 - (-2 + -18)
5
Calculate (-2 - (-9 - -4)) + (5 - 11 - 2).
-5
Calculate 51 + -5 - (13 - 2).
35
What is the value of 3 + 31 + -29 + 0 + (-18 - 1)?
-14
Calculate (75 - 79) + (12 - -6 - 9).
5
What is the value of 134 - 128 - (-5 + 5 - 2)?
8
Calculate 8 + (-11 - 1 - -8) + (-16 - 6).
-18
What is -7 + 14 + 4 + -3?
8
Calculate 16 - (-2 + (3 - (-3 + -9 + 6))).
9
What is the value of 80 - 92 - (0 - 16)?
4
Calculate -37 + 2 + 3 + (-1 - 5) + 11.
-27
What is -25 + 17 - ((-2 - -3) + 3)?
-12
What is the value of (-34 - -14) + 57 - 8?
29
Calculate (-10 - 0) + -16 + (21 - 9).
-14
Evaluate 1 + 10 - (93 + -92).
10
Calculate 28 + -28 + (5 - 7).
-2
Calculate 14 - 6 - -7 - 9 - (10 - 0).
-4
-13 - (36 - (4 - -15))
-30
What is (-7 - (7 + -10)) + 5 + 19 + -6?
14
What is the value of 3 - 14 - (10 - (45 + -13))?
11
What is 2 - -1 - (-12 + 14 + -12 + 25)?
-12
What is -2 + 5 + (10 - -1) + -97 + 90?
7
What is the value of -4 + (7 - -4) + -8 + 1?
0
Evaluate -7 - (-16 + 10) - -10.
9
What is 2 - (9 + 6 + 1)?
-14
-133 + 148 - ((-6 - -2) + -2)
21
What is the value of 1 + (-4 - -3) - (-29 - -41)?
-12
What is the value of 1 + (10 - -9) + -16 + 8?
12
What is the value of (2 - -3) + -13 - (5 + -2 + -1)?
-10
What is the value of 14 + -5 + (0 - -7) + -7?
9
What is (-10 - -14) + (-1 - 2) + -6?
-5
-2 + (1 - (-15 - -7))
7
(3 - (-6 + 8)) + 0 + 1 + 7
9
Calculate 6 - (4 - -2) - (-1 - -7) - -19.
13
What is (7 - (-10 - 4) - -7) + (-1 - -8)?
35
What is the value of -12 - (-1 - -27 - 4 - 15)?
-19
What is (15 - -1) + (-53 + 64 - 44)?
-17
What is the value of 8 - (7 - 1 - (10 + -9 + 10))?
13
What is the value of (8 - 10 - 7 - -19) + -30?
-20
What is the value of 6 - ((-19 - 1) + 7 - -5 - -22)?
-8
(2 + -4 - -11) + (-15 - (-59 + 30))
23
Calculate 1 + (0 - 4) - (19 - 29).
7
-1 + -1 + 5 + 0 + (38 - 43)
-2
-15 + (-9 + 0 + 45 - -5)
26
Evaluate -26 + (5 - (-12 - 2)).
-7
Calculate -105 + 116 + (-6 - (-22 - 7)).
34
Evaluate 26 + -22 + (-1 - (2 + (-1 - 1))).
3
Calculate 4 + -5 + (8 - (3 + -1)) + 1.
6
(88 - 71) + (-30 - 2)
-15
What is -15 + -2 + (1 - 1) - 0?
-17
Calculate -4 - (-9 - -3 - (-9 + -1) - 10).
2
Calculate 17 + -13 + -13 + -4 + 0.
-13
1 + -2 + (1 - 1) + 4
3
7 + (4 - 7) - (-41 + 17 - -20)
8
Evaluate -29 + 3 + 19 - -20.
13
Evaluate -7 + ((9 - 16) + 7 - (2 + 2)).
-11
Calculate -16 + (4 - (1 + -5 + -2)).
-6
What is the value of (17 - 8) + -14 - -3?
-2
Evaluate 12 + 4 + -3 + (-18 - -23).
18
What is (-1 - 3) + -6 - (-3 - (-16 - 4))?
-27
What is (-1 - (1 - (-9 + (9 - 5)))) + 1?
-6
What is the value of 1 - (-1 + (-3 - -15) + (21 - 27))?
-4
What is the value of -5 + (-3 - -15 - 28)?
-21
Evaluate (-24 - (-8 - -10)) + 24.
-2
Evaluate (7 - 4) + 7 + -6 + -19.
-15
What is the value of -12 - -14 - (-6 + -3)?
11
What is (0 - (-9 + 3) - -9) + (13 - 18)?
10
18 - (13 + 1) - 10
-6
What is 13 - (-37 + 13) - (12 - (-5 - -10))?
30
Calculate -6 + (26 - 53) + 16 + (1 - -16).
0
What is 0 + -5 + (68 - 65)?
-2
What is (-25 - (-74 - -21)) + -45?
-17
Calculate 35 + 0 + (-350 - -311).
-4
What is 25 + (29 - 36) + -45?
-27
What is 1 - 7 - (-28 - -27 - (3 - -2))?
0
(-24 - (-43 - -6)) + 7
20
-68 - -67 - (4 + 0 - (3 - 2))
-4
What is 0 - -3 - (-13 + 9 + 5 - -11)?
-9
Calculate 0 + 3 + -2 + -2 - 8.
-9
What is the value of 3 + (-12 - -2) - (-21 + -12 - -8)?
18
-5 - (-1 - (-4 - -5) - (3 - 12))
-12
What is (-3 - 0) + 27 + -264 + 257?
17
-39 + (17 - 5) - -34
7
What is the value of (16 - -3) + (6 - (3 + (-5 - -2)))?
25
-6 - (13 - (-15 + 43))
9
Evaluate -17 + 12 + 15 + 8.
18
What is the value of (1 - (1 - -1)) + -50 + (3 - -39)?
-9
Calculate (-14 - (-13 - -8)) + 10.
1
Evaluate ((-5 - -4) + -2 - -3) + -11 + 18.
7
What is 36 + -16 + -21 - (-1 + -10)?
10
Calculate 3 - 8 - (-157 - -169).
-17
Evaluate (-1 - (10 - 16)) + -10 + (-13 - -1).
-17
What is the value of (10 - 15) + 5 + (12 + 0 - 0)?
12
What is 28 + (-15 - (-3 + (-7 - (4 + -10))))?
17
Calculate -11 + (-2 + 3 - -2) + -223 + 239.
8
What is 35 + (28 - 51) + -40?
-28
2 + 5 + -2 + -3
2
What is the value of (18 - 27) + 20 + -7 + -1?
3
Calculate -10 + (14 + 11 + -15 - 7).
-7
33 - (-26 + 106 - 15)
-32
What is the value of (2 - -5) + -74 + -19 + 63?
-23
What is the value of 5 + -5 + -2 - (6 - (-1 + 3))?
-6
Calculate 2 - 37 - (-183 + 165).
-17
Calculate (-10 - (12 - 23)) + -13 - 2.
-14
13 + -7 + 1 - 13
-6
Evaluate -32 + -2 + (-252 - -267).
-19
Evaluate (6 - -28 - 23) + (0 - 1) + -1.
9
(-2 - 3) + 7 + 9
11
What is (-1 - (1 - -2 - (8 - -4))) + -25?
-17
What is -64 + 55 + (8 + -5 - 15)?
-21
Calculate -7 - 9 - -20 - -9.
13
Calculate 21 + (7 - 20) - (-21 - 1).
30
-14 + (2 + 6 + -4 - 2)
-12
What is the value of -15 - (13 + (1 - -3) + -61 + 51)?
-22
What is -6 + (9 + 3 + -23 - -22)?
5
Evaluate 7 - (9 - (17 - (1 + 7))).
7
What is the value of 2 + 40 + -24 + -16 + -7?
-5
What is 31 - (42 + -4 - 18)?
11
Evaluate (26 - 0) + (1 - -7 - 0).
34
What is (-2 + (10 - 5) - 1) + -9 - 5?
-12
What is the value of -7 + (-9 - (-13 + -10)) - 22?
-15
What is the value of 117 + -123 + (31 - 2) + 10?
33
(119 - 84) + -16 + 1 + 11 + -1
30
What is 55 + -66 + (7 - (-20 + 6))?
10
What is -15 + 6 - (-21 + 3) - (-6 + -4)?
19
-25 + (-6 - -11) + -3 + (-7 - -4)
-26
Calculate -51 - -36 - (-2 - -3 - 1).
-15
What is the value of -13 + (1 - (54 + -36))?
-30
What is the value of 20 - (23 - (7 - 1))?
3
What is 0 + (12 - 45) + (18 - 3)?
-18
Evaluate 24 + -43 + 2 + 31.
14
What is -5 - ((-6 - -2 - 18) + 2 - -5)?
10
Calculate -1 + 0 + 23 + -1 + 0.
21
What is -46 + 7 + -64 + 89?
-14
Evaluate (23 - (-5 + 5)) + (12 - 19).
16
Evaluate (5 - 1) + -10 + (-5 - -4) + 6.
-1
Evaluate 305 + -302 - (2 + -1 - 12).
14
-5 + 10 - (-1 + (-3 - -4))
5
What is -2 - (16 + -9 - (8 + -4))?
-5
7 + (-4 - 10 - -41) + -6
28
Evaluate -11 + -1 + 8 - 5.
-9
(12 - 35) + 35 - (24 - -1)
-13
What is the value of -2 + -1 + (-81 + 68 - (-3 - 12))?
-1
-16 + 22 + -2 + 8
12
What is the value of -124 + 125 + (0 - 6) - (3 - 1)?
-7
-15 - -1 - (-884 + 865)
5
(21 - (34 + -10)) + (2 - -2) + 2
3
Evaluate 7 + (-20 - -24) + 1 + 1.
13
21 + -3 - (-9 - (11 + -26))
12
What is the value of -264 + 280 - (-5 + 1 + -4)?
24
Calculate -7 + (18 - 15) - -30.
26
Calculate 15 - 11 - -11 - 0.
15
Calculate -161 - -108 - (5 - 42).
-16
Calculate 214 + -220 + (-1 - -1).
-6
What is 17 + 1 + -20 - 4?
-6
-6 - (24 + (27 - 60))
3
Calculate 18 - 6 - (-5 - 0).
17
Calculate -14 - 1 - ((-14 - -47) + -28).
-20
Calculate 26 + 36 + -20 + -15.
27
Calculate 18 - (27 - 24 - 10).
25
What is 6 + -2 - (-18 - -8)?
14
What is -26 - (0 + (5 + (2 - 11) - 4))?
-18
Evaluate 14 + (-31 - -42) + -26.
-1
Calculate 13 - ((-13 - -2) + 7 + -3).
20
What is the value of 8 + -13 + -6 + 6?
-5
What is (-11 - 6) + (-5 - (2 + 1) - -5)?
-20
What is the value of (988 - 956) + -50 + -1?
-19
Evaluate -10 + 1 + 33 - ((-7 - -24) + -8).
15
What is 27 - (-13 + 27) - (0 - 1)?
14
Calculate (31 - -2) + 59 + -60 + -6.
26
What is -13 + 2 + -11 + (-1 - -4 - -14)?
-5
Calculate (1 - -2) + 21 + (-80 - -73).
17
Calculate 1 - (1 + (-11 + (1 - 0) - -4)).
6
What is 1 + -9 - (7 - 1 - -3)?
-17
What is 22 - ((16 - 0) + (-33 - -54) + -28)?
13
Calculate -4 + (7 - (22 - 9 - 10)) + 23.
23
Calculate (-1 - (-1 - 6)) + -13.
-7
5 - 3 - -7 - (-6 + 1)
14
Evaluate 14 - 7 - (15 - 8) - -4.
4
What is the value of 36 - 6